 be ((-2)/5)/(1/(-10)). Let y(p) = -1 + 4*p**2 - 3*p - 2*p**2 + i*p - p**2. Determine y(d).
1
Let w(c) be the first derivative of c**3/3 - 7*c**2/2 - 6*c + 5. What is w(6)?
-12
Let m be 316/(-79)*5/4. Let x(c) = -7*c**3 - 10*c**2 + 6*c - 1. Let w(g) = -13*g**3 - 19*g**2 + 12*g - 2. Let d(l) = 6*w(l) - 11*x(l). Calculate d(m).
-6
Let c(t) = t**2 - 3*t**2 - 1 + 3*t**2 - t + t**3 + 0*t**3. Let q be (-6 - -7)*1*-1. What is c(q)?
0
Let l(j) = -j - 8. Let v = 1 - -1. Suppose -16 + 6 = -v*r. Suppose -r*n - 30 = -5. What is l(n)?
-3
Suppose 2 = -n + 6. Suppose n*x = -0 + 8. Let z(v) = -2*v**3 + 4*v**2 - 3*v + 1. Give z(x).
-5
Let i(b) = 4*b - 1. Let x(y) = -4*y + 1. Let q(z) = -2*i(z) - 3*x(z). Suppose v - 9 = -2*f, 0*v + 14 = 2*f + 2*v. What is q(f)?
7
Let c(n) = 5*n + 2 - 3*n - 2. Suppose 0 = -u + 1, -5*g + 3*u = 13. Let t be ((-4)/10)/(g/(-10)). Give c(t).
-4
Let x(c) = -c + 7*c**2 + 1 + 2*c + c**3 - 11*c**2. Calculate x(3).
-5
Let i(p) = 32 - 7*p - 67 + 28 - p**2. Determine i(-6).
-1
Suppose 2*q = q + 16. Let l = q - 10. Let v be 2/3 + (-10)/l. Let b(d) = 3*d**2 + d. Determine b(v).
2
Let o(v) = -13*v - 12. Let t(d) = 36*d + 35. Let h(u) = -11*o(u) - 4*t(u). Give h(-5).
-3
Let s(n) = n**2 + 5*n - 10. Let f be s(-7). Let j(u) be the third derivative of u**4/12 - u**3/2 - u**2. Determine j(f).
5
Let r(k) = -2*k**2 + 3*k + 4. Suppose 0 = -63*a + 61*a + 6. Calculate r(a).
-5
Suppose 3*q = -t + 9, -2*t - 3*q = 3*t - 57. Suppose -f - 4*h = -1, h = 3*f - 2*h + t. Let g(o) = o**3 + 2*o**2 - 2*o. What is g(f)?
-3
Let r(v) = -v**2 + 6*v - 9. Let j(f) = -f**3 - 2*f**2 - f + 6. Let t be j(0). Calculate r(t).
-9
Let n(p) = 2*p - 17. Let b(o) = -o + 11. Let z(f) = 8*b(f) + 5*n(f). Calculate z(-7).
-11
Let i(k) = -6*k**2. Let p(w) be the second derivative of w**3/6 + 5*w**2 - 2*w. Let f be p(-8). Suppose 5*r + f = 3*r. Give i(r).
-6
Let o(k) be the third derivative of -k**4/8 - 5*k**3/6 + 5*k**2. Determine o(-4).
7
Let f(s) = -s**2 + 2*s**2 + 3*s - 7*s + 2 + 9*s. Calculate f(-5).
2
Let q(t) be the third derivative of t**8/20160 + t**7/840 + t**6/180 + t**5/12 + t**2. Let v(i) be the third derivative of q(i). Calculate v(-5).
-1
Let p(c) = -2*c + 5. Let i(r) = 2*r - 9. Let o be i(3). Let s(k) = -1 + k - 4*k + k. Let q be s(o). Give p(q).
-5
Let n(z) = -z**3 + z**2 + 3*z + 3. Let k = -30 - -33. Calculate n(k).
-6
Let x(i) = -i + 2. Let h be x(2). Suppose h = -4*c + c + 6. Let v(g) = -g**3 + 3*g**2 - 4*g + 2. Determine v(c).
-2
Let h(x) be the second derivative of 1/2*x**2 - 1/12*x**4 + 5*x - 2/3*x**3 + 0. Determine h(-6).
-11
Let a be 2/(-14) - 216/56. Let i(b) = -2*b**3 - 5*b**2 - 12*b - 11. Let h(o) = -o**3 - 3*o**2 - 6*o - 5. Let q(x) = -7*h(x) + 3*i(x). What is q(a)?
10
Let k = -21 + 20. Let l(i) = 2*i. Give l(k).
-2
Let x(g) = -g**3 - 6*g**2 - 9*g - 4. Let a be x(-4). Let k(c) = c**2 + c + 5. Calculate k(a).
5
Suppose 3*y + 2 = y + 2*x, -y + 2*x - 4 = 0. Let b be 3/y*(-16)/(-6). Let v(q) = -6*q + b*q + 2 + q**2 + 5*q. Determine v(-3).
2
Let c(o) be the first derivative of o**3/3 + 4*o**2 - 2*o + 9. What is c(-8)?
-2
Suppose 2*r + 5 - 21 = 0. Let j(u) = u**2 - 6*u - 7. Determine j(r).
9
Let x(w) = 2*w**3 + 21*w**2 - 6*w + 18. Let t(f) = -f**3 - 10*f**2 + 3*f - 9. Let a(c) = 9*t(c) + 4*x(c). Calculate a(-7).
19
Let r(q) be the third derivative of q**5/60 - q**3/6 + 16*q**2. Calculate r(0).
-1
Let q(p) = -p**3 - 6*p**2 - 6*p - 3. Let r be q(-5). Let f(j) = 3 + r*j - 10*j + 4*j. Suppose 0 = 5*b - 5 - 5. Give f(b).
-5
Let r be 94/(-18) + 6/27. Let u(g) = 2*g**2 + 8*g + 2. Let q(h) = -3*h**2 - 12*h - 3. Let m(w) = 5*q(w) + 8*u(w). Determine m(r).
6
Let k(b) = -b**2 + 4*b + 4. Suppose -3*d + 24 = c, 0 = 3*c - 3*d + d - 17. Let h = c + -4. Let w be k(h). Let x(t) = 2*t**2 + 1. Determine x(w).
3
Let i(q) = q**3 + 3*q**2 - 1. Let a be i(-2). Let p(k) = -1 - k**2 + k**2 - a*k**2 + 0*k**2. Determine p(1).
-4
Let t(d) = -7*d**3 + 0*d + 0*d - 1. Let c(q) = -1 - q + 3*q - q**3 - q**2 + q - q. Let f be c(-2). Calculate t(f).
6
Let u(d) = -d**2 + 10*d. Let p be (13 + -21)*5*(-1)/4. What is u(p)?
0
Suppose 0 = -4*r, 4*d + r + 8 = -0. Let c(u) be the first derivative of u**4/4 + u**3/3 + u**2 - 32. Calculate c(d).
-8
Let l(t) = -t**2 - 5*t - 3. Let j(m) = m + 1. Let r(x) = -2*j(x) + l(x). Give r(-6).
1
Let x(d) = 2*d - 10. Let s(t) = -2*t + 11. Let f(g) = 4*s(g) + 5*x(g). Suppose m = -4*m + 10. Suppose 0 = -m*l - 5*a + 27, 3*l + a - 9 = 2*l. Determine f(l).
6
Let f(x) = 7*x**2 - 2*x + 5. Let p(n) = 4*n**2 - n + 3. Let y(r) = 3*f(r) - 5*p(r). Give y(0).
0
Let k(c) = -2*c - 1. Let o(l) = l - 1. Let a(t) = -2*k(t) - 6*o(t). Determine a(-6).
20
Let w(h) = -h**2 + 5*h - 3. Suppose 4*b - 2*b = 6. Calculate w(b).
3
Let d = -41 + 39. Let z(v) = -v**2 - v - 1. Calculate z(d).
-3
Let a(s) = -s - 13. Let g(b) = -8*b - 31. Let v be g(-3). Calculate a(v).
-6
Let p(f) = f**2 - 4*f - 7. Let n be (-10)/(-4)*(9/(-15) - -3). Calculate p(n).
5
Let l(t) = -t**3 - 6*t**2 - 5*t + 6. Let k = -1 + 1. Suppose -22 = -2*o - 2*a, 0 = -k*o - 3*o + 5*a + 1. Let p = o - 12. Determine l(p).
6
Let u(p) = 0 + p + 4 + 170*p**2 + 4*p - 169*p**2. Let x(f) = f**3 + 7*f**2 + 8*f + 7. Let s be x(-6). Determine u(s).
4
Let t(w) = 2*w - 6. Suppose -5*a + 5*c = -4*a - 24, 5*c = -5*a + 30. Suppose 0*n = n + r - a, -1 = n - r. Suppose -4*o = -n*y + 36, 2*y = o + 19 - 4. Give t(y).
6
Let t(s) = -s - 2. Suppose 0 = -a - 4*a - 10. Let x = a + 7. What is t(x)?
-7
Let l(k) = 2*k**3 - 7*k**2 + 12*k + 3. Let x(d) = d - 3. Let u be x(8). Let t(a) = 3*a**3 - 11*a**2 + 18*a + 4. Let g(i) = u*t(i) - 7*l(i). Determine g(4).
-9
Let m(r) be the third derivative of -r**5/60 + r**4/24 - 10*r**3/3 + 33*r**2. Calculate m(0).
-20
Let h(m) be the third derivative of m**5/60 - m**2. Let j be ((-8)/(-4) + -3)*-1. Determine h(j).
1
Let n(t) = t**3 - 2*t**2 - t - 6. Let o be n(3). Let h(l) = 4 - 2 + l + 0*l. What is h(o)?
2
Let m(f) = -f + 0*f**2 - 6*f - f**2. Calculate m(-6).
6
Let h(q) = -q**3 - 6*q**2 - 5. Let u be (-46)/(-10) - 6/(-15). Suppose -4*m + u*a = 14 - 0, -4*a = -m + 2. Give h(m).
-5
Let t(w) = 34*w**2 - 7 - 11*w + 36*w**2 - 71*w**2. Determine t(-10).
3
Let d(l) be the first derivative of -l**6/120 + l**5/30 + l**4/8 - l**3/3 + 4*l**2 - 10. Let w(u) be the second derivative of d(u). Calculate w(3).
-2
Let v = -1 + 4. Let z(a) = a**v + 5 - 3*a - 4 + a**2 + 0*a**2. Let w = -8 + 10. Give z(w).
7
Suppose -i + 8 = 3*i. Suppose i*l + 1 = -17. Let f = 5 + l. Let j(q) = q - 1. Calculate j(f).
-5
Let j be -2*1/4*0. Let k = -1 - j. Let b(z) = -9*z**2 - 2*z - 1. What is b(k)?
-8
Let y(g) be the second derivative of g**4/12 + g**3/3 - 5*g**2/2 + 20*g. Give y(4).
19
Let s(y) = -y + 9. Let z be 0 - -2*1 - -5. Let q be s(z). Let c(t) = 5*t - 3 + 1 + q*t**2 + t**2 - t**3. Determine c(4).
2
Let h(t) = t**2 + 4*t + 6. Let b be h(-4). Let y(v) = 13 - 21 - v**3 + 7*v**2 - 6*v + 10. What is y(b)?
2
Let u(y) be the second derivative of y**5/20 + y**4/4 + y**3/3 + y**2/2 + 3*y. Suppose -2*l - 2 = -l. Give u(l).
1
Let f(x) = -11*x. Suppose 24 = 4*i - 0. Let k(t) = -2*t. Let h(s) = i*f(s) - 34*k(s). Give h(5).
10
Let f(j) = -9*j**3 - j**2 - 6*j - 6. Let n(k) = 9*k**3 + k**2 + 5*k + 5. Let x = 27 + -21. Let i(p) = x*n(p) + 5*f(p). What is i(-1)?
-8
Let h(i) be the third derivative of -6*i**2 + 0*i - i**3 + 1/8*i**4 - 1/120*i**6 + 1/15*i**5 + 0. Let c be -5*2*(-4)/10. What is h(c)?
6
Let w(f) = -3*f**2 - 3 + 2*f**2 - 3*f + 2. Give w(-2).
1
Let l(y) = -8*y**3 - 3*y**2 + y + 3. Let m(d) = 5 - d + 2*d**2 - 4 + 7*d**3 - 3. Suppose -5*j = -7*j + 6. Let t(g) = j*l(g) + 4*m(g). Give t(1).
3
Let q be 1 - 6*4/(-8). Let j(o) be the first derivative of o**4/4 - 5*o**3/3 + 2*o**2 + o + 2. Calculate j(q).
1
Suppose -8*f = 4*f - 96. Let s(l) = l**3 - 8*l**2 - 2*l + 6. What is s(f)?
-10
Let c(u) be the second derivative of u**4/12 + u**3/3 - 3*u**2/2 - 5*u. Let r be (-1)/(-1 - 6/(-3)). Let z(o) = 4*o + 1. Let l be z(r). Give c(l).
0
Let p(o) be the second derivative of -11*o**5/10 - o**4/12 + o**3/6 - o - 2. Determine p(1).
-22
Let p be (-8)/(-36) - 58/18. Let k be 0 + p/(-1) - 7. Let g(v) = v**3 + 5*v**2 + 5*v + 2. Calculate g(k).
-2
Suppose 2*f - 8 = b + 3, 4*b - 28 = -f. Let o(l) = -l + 5. Calculate o(f).
-3
Suppose 0 = -9*x + 4*x + 5. Let b(k) = x + 3*k**2 - 7*k**